?
True
Is 4904777 prime?
True
Is 15241 composite?
False
Is 37397 a composite number?
False
Is 135083 a composite number?
True
Is 342101 composite?
False
Is 3251 prime?
True
Is 134233 a prime number?
False
Is 2995 composite?
True
Is 189649 composite?
True
Is 6421 prime?
True
Is 37909 composite?
True
Is 2305271 composite?
False
Is 17078 composite?
True
Is 5969 a prime number?
False
Is 28937 composite?
True
Is 1482207 composite?
True
Is 505577 prime?
False
Is 841 a prime number?
False
Is 37627 a prime number?
False
Is 6823 prime?
True
Is 29407 prime?
False
Is 3943 prime?
True
Is 1005701 composite?
False
Is 36251 a prime number?
True
Is 80621 a prime number?
True
Is 237377 prime?
False
Is 1094657 a prime number?
True
Is 9055 prime?
False
Is 47191 a composite number?
True
Is 1760105 composite?
True
Is 1679491 composite?
True
Is 392771 a prime number?
False
Is 3107189 a prime number?
False
Is 14503 a composite number?
False
Is 166207 a composite number?
False
Is 797 a prime number?
True
Is 61889 a composite number?
True
Is 1424723 a composite number?
False
Is 76955 prime?
False
Is 301747 a composite number?
False
Is 302213 a prime number?
True
Is 271587 a composite number?
True
Is 4478 prime?
False
Is 84241 a composite number?
True
Is 45223 prime?
False
Is 48647 a composite number?
False
Is 6193 a prime number?
False
Is 65 a composite number?
True
Is 237043 a composite number?
False
Is 611531 a prime number?
True
Is 153453 composite?
True
Is 43531 a prime number?
False
Is 11083 a prime number?
True
Is 7069 a prime number?
True
Is 73501 composite?
True
Is 4858231 a composite number?
True
Is 2393 a composite number?
False
Is 11519 a prime number?
True
Is 1337702 a prime number?
False
Is 24841 a prime number?
True
Is 2731 composite?
False
Is 11717 prime?
True
Is 1739 a composite number?
True
Is 97771 composite?
False
Is 17657 a prime number?
True
Is 2981 composite?
True
Is 927137 composite?
False
Is 172541 prime?
True
Is 5963 composite?
True
Is 23741 a composite number?
False
Is 47269 composite?
False
Is 8059 a composite number?
False
Is 314729 a composite number?
True
Is 14107 a composite number?
False
Is 3061 prime?
True
Is 9977 prime?
False
Is 36031 prime?
False
Is 12759 composite?
True
Is 5509 prime?
False
Is 110699 a prime number?
False
Is 482347 composite?
False
Is 606223 composite?
False
Is 12761 a prime number?
False
Is 14813 prime?
True
Is 2073 a composite number?
True
Is 6449 composite?
False
Is 9901 a composite number?
False
Is 7453 a prime number?
False
Is 516707 composite?
True
Is 44417 a composite number?
False
Is 84193 composite?
True
Is 163211 a composite number?
False
Is 60719 prime?
True
Is 3788927 a prime number?
False
Is 1959 prime?
False
Is 3563 a prime number?
False
Is 46666 composite?
True
Is 27997 a prime number?
True
Is 647 a composite number?
False
Is 2422447 a prime number?
True
Is 28889 prime?
False
Is 4111 a composite number?
False
Is 72533 composite?
False
Is 9041 a composite number?
False
Is 200917 composite?
True
Is 37493 a prime number?
True
Is 32411 prime?
True
Is 511669 a composite number?
False
Is 522049 a composite number?
True
Is 26627 a prime number?
True
Is 1157711 composite?
False
Is 126097 a prime number?
True
Is 10331 composite?
False
Is 4385 composite?
True
Is 421055 a prime number?
False
Is 7237 a prime number?
True
Is 12661 a composite number?
True
Is 31927 a prime number?
False
Is 64982 composite?
True
Is 31523 a composite number?
True
Is 8819 a composite number?
False
Is 4861 prime?
True
Is 488099 a composite number?
True
Is 498163 a composite number?
False
Is 9427 prime?
False
Is 5021 a composite number?
False
Is 1177003 composite?
True
Is 229417 prime?
False
Is 3166467 prime?
False
Is 1658989 prime?
True
Is 845683 composite?
False
Is 835 a prime number?
False
Is 2333 prime?
True
Is 6805 a prime number?
False
Is 21829 a prime number?
False
Is 293627 a composite number?
True
Is 214411 a composite number?
True
Is 1357 a composite number?
True
Is 1362271 a prime number?
True
Is 46463 composite?
True
Is 1301297 prime?
True
Is 861171 composite?
True
Is 1401 a composite number?
True
Is 78779 prime?
True
Is 71693 a composite number?
False
Is 1364287 composite?
False
Is 22565 a prime number?
False
Is 7867 a composite number?
False
Is 114691 composite?
False
Is 166033 composite?
True
Is 643613 a prime number?
False
Is 663815 prime?
False
Is 62417 a prime number?
True
Is 295543 a prime number?
False
Is 3862 prime?
False
Is 14119 a prime number?
False
Is 28129 prime?
False
Is 1989293 composite?
True
Is 2117 prime?
False
Is 113503 a prime number?
False
Is 82121 composite?
True
Is 4739 a composite number?
True
Is 29917 a composite number?
False
Is 316813 a prime number?
False
Is 183151 a composite number?
False
Is 2913 a composite number?
True
Is 1801 prime?
True
Is 7907 a composite number?
False
Is 29343 a prime number?
False
Is 108751 prime?
True
Is 96467 composite?
True
Is 278183 a composite number?
True
Is 127913 a composite number?
False
Is 142691 a composite number?
True
Is 115701 a prime number?
False
Is 534329 a composite number?
False
Is 613 a composite number?
False
Is 64819 a prime number?
False
Is 1120343 prime?
False
Is 2327 a prime number?
False
Is 4327 a composite number?
False
Is 2773 prime?
False
Is 4709 composite?
True
Is 9301 composite?
True
Is 5999 a prime number?
False
Is 469505 a composite number?
True
Is 2153 a prime number?
True
Is 4045 a prime number?
False
Is 79967 a prime number?
True
Is 7091 a prime number?
False
Is 596399 a composite number?
False
Is 107971 a prime number?
True
Is 1209517 a composite number?
False
Is 17159 prime?
True
Is 419263 a prime number?
False
Is 5380883 prime?
True
Is 128783 a composite number?
True
Is 3877 a composite number?
False
Is 599135 composite?
True
Is 633649 composite?
False
Is 145433 composite?
False
Is 53491 a prime number?
False
Is 211 a prime number?
True
Is 7246 prime?
False
Is 1290013 a prime number?
True
Is 10319 prime?
False
Is 14479 prime?
True
Is 4079 composite?
False
Is 4471 a composite number?
True
Is 3049 prime?
True
Is 66739 a composite number?
False
Is 94195 a prime number?
False
Is 108687 composite?
True
Is 3299 prime?
True
Is 47739 prime?
False
Is 8581 a prime number?
True
Is 22299 a prime number?
False
Is 4283 a prime number?
True
Is 853 prime?
True
Is 222269 a prime number?
True
Is 109279 a composite number?
False
Is 10685 composite?
True
Is 4538 a composite number?
True
Is 23117 a composite number?
False
Is 97135 a composite number?
True
Is 290351 prime?
True
Is 85931 a composite number?
False
Is 262781 prime?
True
Is 460219 a composite number?
True
Is 1828901 a composite number?
False
Is 265381 prime?
True
Is 701 prime?
True
Is 397373 prime?
True
Is 17035 composite?
True
Is 14395 composite?
True
Is 14047 a composite number?
True
Is 280337 a composite number?
False
Is 416147 a composite number?
False
Is 5003 a prime number?
True
Is 30491 composite?
False
Is 8221 a composite number?
False
Is 452607 a prime number?
False
Is 91691 composite?
False
Is 4109 a composite number?
True
Is 95311 a composite number?
False
Is 3859 a prime number?
False
Is 141779 composite?
True
Is 157299 composite?
True
Is 540977 composite?
True
Is 281189 a prime number?
True
Is 2122 composite?
True
Is 236669 a prime number?
False
Is 29527 a prime number?
True
Is 1693 a composite number?
False
Is 2605 prime?
False
Is 209243 prime?
False
Is 505301 composite?
False
Is 9502 a composite number?
True
Is 3450709 prime?
False
Is 9523 composite?
True
Is 1503737 prime?
False
Is 254 a composite number?
True
Is 176441 a prime number?
False
Is 7169 composite?
True
Is 415343 composite?
False
Is 47631 a composite number?
True
Is 178637 a composite number?
True
Is 327703 composite?
True
Is 199357 a composite number?
False
Is 9609 composite?
True
Is 258617 composite?
False
Is 917873 a prime number?
False
Is 17827 composite?
False
Is 729689 prime?
True
Is 463153 a prime number?
False
Is 14699 prime?
True
Is 1399 composite?
False
Is 21891 a prime number?
False
Is 821 a composite number?
False
Is 40301 composite?
True
Is 264527 composite?
False
Is 969743 prime?
True
Is 456403 a composite number?
False
Is 39781 a composite number?
True
Is 14971 a composite number?
True
Is 151161